9076675333 a composite number?
True
Is 1443459197 a prime number?
True
Is 11342534159 a composite number?
True
Is 153509329 a prime number?
True
Is 14432583023 a prime number?
True
Is 684395003 composite?
False
Is 4674635071 prime?
True
Is 2640940847 a prime number?
False
Is 62174138371 prime?
True
Is 452331239 composite?
False
Is 43251609579 a composite number?
True
Is 14264016917 composite?
True
Is 20110397837 a prime number?
False
Is 383628167 prime?
False
Is 925525193 prime?
True
Is 251083247 composite?
True
Is 1847091689 prime?
False
Is 870800731 composite?
False
Is 15904086139 a composite number?
False
Is 45565393231 composite?
False
Is 13776000827 a prime number?
False
Is 54650790281 a composite number?
False
Is 1416595657 a composite number?
False
Is 31443664697 prime?
False
Is 5915119 a prime number?
False
Is 916317671 composite?
False
Is 4889223071 prime?
False
Is 771427729 a prime number?
True
Is 4291835747 a composite number?
True
Is 1016356427 a prime number?
True
Is 17191606907 prime?
False
Is 15257743 composite?
False
Is 24269983693 prime?
False
Is 6014421717 a composite number?
True
Is 1116600257 a prime number?
True
Is 993184351 composite?
False
Is 891670067 prime?
False
Is 160959017 composite?
False
Is 71751877 a prime number?
False
Is 1782029651 composite?
False
Is 35584291969 prime?
True
Is 5661545737 prime?
True
Is 86775737 composite?
False
Is 657929791 prime?
False
Is 1297198429 prime?
False
Is 2707437409 prime?
False
Is 4200063497 a composite number?
True
Is 1661500147 composite?
False
Is 5037187453 a composite number?
True
Is 2489261359 a composite number?
True
Is 1255503743 a prime number?
False
Is 661750171 a composite number?
True
Is 48688432795 a composite number?
True
Is 56292800493 a composite number?
True
Is 1414318531 a composite number?
True
Is 97833049 a composite number?
True
Is 13148008817 composite?
False
Is 2876983247 a prime number?
True
Is 1120832821 a composite number?
False
Is 422212253 a prime number?
True
Is 2415799733 a prime number?
False
Is 889619147 a composite number?
False
Is 702733321 a composite number?
False
Is 5944839611 prime?
True
Is 2185844978 prime?
False
Is 6019925939 composite?
False
Is 1588204451 a composite number?
False
Is 3209150147 composite?
True
Is 789048719 a composite number?
False
Is 7815056087 composite?
False
Is 1121448103 a prime number?
False
Is 232459057 prime?
False
Is 5095645829 prime?
True
Is 1048564603 composite?
False
Is 7447539469 composite?
True
Is 111914963 a prime number?
False
Is 38324790509 a prime number?
True
Is 4180585661 prime?
False
Is 9664382537 composite?
True
Is 18569361773 a prime number?
False
Is 16213987123 a prime number?
False
Is 114795578573 a composite number?
True
Is 6574577029 prime?
True
Is 2208114827 a composite number?
True
Is 173034824231 prime?
False
Is 37249446203 prime?
False
Is 16331709913 prime?
True
Is 1395178619 a prime number?
True
Is 786855239 a composite number?
False
Is 36946822613 a composite number?
False
Is 1173445971 composite?
True
Is 29709286163 a composite number?
False
Is 1725193807 prime?
False
Is 3740410441 a prime number?
False
Is 3467503441 composite?
False
Is 75898259 composite?
False
Is 125394042251 a prime number?
True
Is 33531807871 composite?
False
Is 665165217 prime?
False
Is 237645071 a composite number?
True
Is 12983533319 prime?
True
Is 4225286337 composite?
True
Is 9186569999 a composite number?
False
Is 225228493 composite?
True
Is 3039938381 a composite number?
False
Is 618381763 a composite number?
True
Is 3624046297 prime?
True
Is 71761708597 composite?
False
Is 833755969 a prime number?
True
Is 63992656927 a prime number?
True
Is 1444173814 a composite number?
True
Is 7468036033 a prime number?
False
Is 590907599 prime?
False
Is 1286513887 composite?
False
Is 18892970471 prime?
False
Is 40375439479 prime?
True
Is 593411993 a composite number?
False
Is 210595181 a prime number?
True
Is 1099200497 a composite number?
False
Is 378105022 a prime number?
False
Is 1429085609 composite?
True
Is 40045510163 prime?
False
Is 4709072729 composite?
False
Is 12474606803 prime?
False
Is 15295477 a prime number?
True
Is 40583336509 a composite number?
False
Is 220298651 composite?
True
Is 17558069 prime?
False
Is 64600699661 a prime number?
False
Is 109206393133 a prime number?
True
Is 149182011103 prime?
True
Is 4764713141 a composite number?
True
Is 577394659 composite?
False
Is 407538799 a prime number?
True
Is 149914706861 composite?
False
Is 2060611043 composite?
False
Is 625178921 composite?
False
Is 2092271593 a composite number?
False
Is 1000334609 a composite number?
False
Is 6757484519 a prime number?
True
Is 6220075369 composite?
False
Is 50804962469 a prime number?
False
Is 3704359129 prime?
True
Is 1017306182 composite?
True
Is 17717504593 a composite number?
True
Is 2932508273 prime?
False
Is 2372654771 composite?
False
Is 11257593539 a composite number?
False
Is 12696751741 composite?
False
Is 159595945 a prime number?
False
Is 4004674213 a prime number?
False
Is 1356291803 composite?
True
Is 104823877 a prime number?
False
Is 63012127 prime?
True
Is 8676780505 a composite number?
True
Is 7296074693 composite?
True
Is 6646760947 a prime number?
True
Is 14239669811 composite?
False
Is 13307207161 composite?
True
Is 136489435867 a composite number?
False
Is 737164759 a composite number?
True
Is 25805635549 prime?
True
Is 33069353 composite?
False
Is 1456545359 a prime number?
True
Is 119682511085 prime?
False
Is 4951373143 a prime number?
True
Is 2805348311 a composite number?
True
Is 5787506407 composite?
True
Is 11196374771 prime?
True
Is 2754705271 a prime number?
False
Is 2159087221 a prime number?
False
Is 706052327 prime?
True
Is 3225968003 prime?
True
Is 823027839 composite?
True
Is 776488673 prime?
True
Is 4145083 composite?
True
Is 4889099561 a composite number?
False
Is 7157740207 a prime number?
True
Is 53986571 a prime number?
False
Is 68632298929 a prime number?
True
Is 77360581 a composite number?
False
Is 6995290429 prime?
False
Is 37273375787 composite?
False
Is 6198099199 prime?
False
Is 189896906237 a prime number?
False
Is 1455080849 composite?
True
Is 2636666411 a prime number?
True
Is 20082047113 a prime number?
False
Is 2891635619 prime?
True
Is 18997126619 prime?
True
Is 203455583 prime?
True
Is 171792575627 a prime number?
True
Is 3797033 a composite number?
True
Is 51562321 a prime number?
True
Is 22193507551 prime?
False
Is 13839063947 prime?
True
Is 19230812857 prime?
False
Is 10962326321 a composite number?
False
Is 22372276429 composite?
True
Is 6280458061 prime?
True
Is 187576073 a prime number?
True
Is 106027280747 a prime number?
True
Is 3774712967 prime?
True
Is 3999928739 a composite number?
False
Is 103649641967 a composite number?
True
Is 57075083881 a prime number?
False
Is 794838139 a prime number?
False
Is 2949014689 a composite number?
False
Is 1092131099 prime?
True
Is 1900953083 prime?
True
Is 4410346979 prime?
False
Is 3405734851 composite?
False
Is 20943649169 a prime number?
True
Is 26720665085 prime?
False
Is 236842739113 prime?
True
Is 347613223 composite?
False
Is 13623396103 a composite number?
False
Is 2104913717 composite?
False
Is 29812583 a composite number?
True
Is 1106752351 composite?
False
Is 183338279 prime?
True
Is 7422133 a composite number?
True
Is 116712481 a prime number?
False
Is 8862388937 a composite number?
True
Is 1264968599 a composite number?
True
Is 596099759 a prime number?
True
Is 1591237877 prime?
True
Is 268717318973 composite?
False
Is 124981231 a prime number?
True
Is 16917904379 a composite number?
True
Is 2355402731 a composite number?
True
Is 14365965611 a prime number?
True
Is 382479781 prime?
False
Is 111042961499 prime?
True
Is 78760543751 a composite number?
True
Is 18916501741 a composite number?
True
Is 862827755 a prime number?
False
Is 6006819739 a prime number?
False
Is 1070740127 a prime number?
True
Is 60302341499 a prime number?
False
Is 369847007 composite?
False
Is 2612288971 a prime number?
False
Is 102701700379 a prime number?
True
Is 1430797981 a prime number?
True
Is 883045147 prime?
False
Is 5720275063 prime?
False
Is 18606432791 a composite number?
True
Is 149061043 prime?
False
Is 359449282 composit